 digit of d?
0
Let f(s) = -s**3 - 3*s**2 - 14*s - 5. Let h be f(-15). What is the hundreds digit of (-2)/((20/h)/(-2))?
5
Let w(d) be the third derivative of 2*d**3 - 1/24*d**4 + 0*d - 2*d**2 + 0. What is the tens digit of w(-17)?
2
Suppose -4*l = 4*y - 270868, -4*l - y = -237649 - 33234. What is the hundreds digit of l?
7
Let b(r) = -r**2 - 3*r + 10. Let d be b(0). Suppose 11*a - 110 = d*a. What is the hundreds digit of (2 - a)*(0 - 1)?
1
Let y(r) = 6*r + 1389. Let d(z) = 3*z + 694. Let b(k) = -9*d(k) + 5*y(k). What is the units digit of b(0)?
9
Let i be (8/(-2) - -6) + 11. Suppose 5*l - 28 = -2*x, -5*x = -4*l + 7*l - i. Let m(h) = 34*h - 81. What is the tens digit of m(l)?
2
Let v be 13/4 - (-4)/(-16). Suppose 0 = -5*n + 2*t + 15, -t = -6*n + v*n + 10. Suppose s + n - 17 = 0. What is the units digit of s?
2
Let b(d) = d**3 - 2*d - 1. Suppose 5*f = 3*c + 4, f - 10 = 5*f + 2*c. Let n be b(f). Suppose -v + 51 = 5*w, 2*v - 52 = -5*w - n*v. What is the units digit of w?
0
Let q(i) be the first derivative of i + 11 + 11/3*i**3 + 2*i**2. What is the tens digit of q(2)?
5
Let y = -492 + 268. What is the units digit of y*((-60)/16 + 3)?
8
Let f = -124377 + 181591. What is the units digit of f?
4
Let y = -1196 - -7131. What is the tens digit of y?
3
Suppose -512202 = -470*u + 777478. What is the hundreds digit of u?
7
Suppose 0*j + 2*u + 24 = 3*j, -5*u + 40 = 5*j. Let y = 434 + -248. Suppose -j*i = -1014 - y. What is the tens digit of i?
5
Let x(g) = -8405*g + 1715. What is the ten thousands digit of x(-3)?
2
What is the hundreds digit of 916038/144 + 20 + (-3)/8?
3
Suppose -5*a + 37171 = f, -2*a - 16303 = -4*f + 132337. What is the units digit of f?
1
Let j = -4701 + -339. What is the hundreds digit of -7 - 29/(232/j)?
6
Let j(v) = -26*v + 114. Let s be j(9). What is the units digit of 4/(-40) + (-56412)/s?
0
Let n = -254 - -247. What is the units digit of (-270)/2*(n - (6 - 10))?
5
Suppose 64 = 4*v - 33 - 247. Suppose 5*z + 384 = 44. Let m = v + z. What is the tens digit of m?
1
Let u be (-14)/(-70) + (-108)/(-15)*4. Suppose u*h - 26*h = 18. Suppose 0*y = h*y - 1686. What is the units digit of y?
1
Suppose 2*t - 46 = -5*p, 5*p - 4*t - 5 = 23. Let f(u) = 2*u**3 - 17*u**2 + 12*u - 7. What is the units digit of f(p)?
5
What is the units digit of (15/17 - 1) + (-3634532)/(-578)?
8
Let y(s) = 6*s**2 + 74*s + 186. What is the thousands digit of y(-38)?
6
Suppose 4546 = s + 3*l - 23702, 5*s - 2*l - 141240 = 0. What is the ten thousands digit of s?
2
Let z(y) = 10*y**3 - 46*y**2 + 38*y + 154. Let b(p) = 14*p**3 - 46*p**2 + 38*p + 155. Let w(f) = 3*b(f) - 4*z(f). What is the units digit of w(-22)?
3
Let n(m) = 404*m**2 + 1696*m + 4. What is the hundreds digit of n(-7)?
9
Let p = 20710 - 13628. Suppose 57*l - p = 24325. What is the tens digit of l?
5
Let k(u) = -u**2 - 17*u - 26. Let z be (-76)/11 - 9/99. What is the units digit of k(z)?
4
Let h = 31 - 83. Let m be (1/2)/((-13)/h). Suppose a + 4*l = 4*a - 4, 5*a + m*l = 24. What is the units digit of a?
4
What is the units digit of 0 - ((-54)/(-12))/(2*(-15)/100360)?
4
Suppose -2*n + 954 = -4*r, -8*r = -12*r + n - 953. Let g = -127 - r. What is the hundreds digit of g?
1
Suppose 39*v - 30*v - 16794 = 0. Suppose -43*y - v = -45*y. What is the tens digit of y?
3
Let c(k) be the second derivative of k**5/10 + 2*k**4/3 + 11*k**3/6 - 5*k**2 + 240*k. What is the units digit of c(8)?
4
Let s = -8176 - -17852. What is the tens digit of s?
7
Suppose 0 = 5*l + 5*g - 120, -5*l + 0*l + 100 = g. Suppose 3*q - 5*r - 5 = 4*q, -5*q + 5*r = -5. What is the tens digit of l + q - (-4 + 9)?
1
Let s = -14014 - -46985. What is the thousands digit of s?
2
Let n = -2083 - -4486. Suppose -n = 56*v - 61*v - 4*u, -2*v + 2*u = -972. What is the tens digit of v?
8
Let h(g) be the first derivative of -11 + 11/3*g**3 - 6*g**2 - 1/4*g**4 - 3*g. What is the tens digit of h(9)?
5
Suppose -5*g - 24577 = -12*k + 11*k, 0 = -k + 4*g + 24574. What is the hundreds digit of k?
5
Suppose -4*x - 29 = -n - 2*n, 20 = -4*n. Let a = -87 + 186. What is the tens digit of (-196)/x + 18/a?
1
Suppose 2*h + 6*g - 4 = 4*g, -2*h + 8 = -2*g. Suppose d + 1568 = 4*x, -5*d + 1264 - 88 = h*x. What is the tens digit of x?
9
Suppose 7*f - 12*f + 80 = 0. Suppose 86*k = 90*k - f. Suppose 5*i = k*v + 485, -76 = -i - 0*v + 5*v. What is the tens digit of i?
0
Let u = 36 - 22. Suppose 14*x + u = 16*x. What is the units digit of -1 - -1 - (-1064)/x?
2
Suppose -2*g = 5*i - 35, 3*g + 2*g = i + 20. Suppose -5*a = -r - 870, -2*r - 885 = -i*a + 2*r. What is the tens digit of a?
7
Let n be (-1)/2 + 1 + (-9)/2. Let d be (1/n)/((-4569)/(-1524) - 3). Suppose -y + d + 83 = 0. What is the hundreds digit of y?
2
Let s(z) = 47*z**2 + 2*z - 50. Let p be (7*5/35)/1*6. What is the tens digit of s(p)?
5
Suppose 2*a - 2*x = -3*a - 3, -2*a + 3*x - 10 = 0. What is the units digit of 76 + 4 + a + -8*1?
3
Let a(k) = k**2 + 51*k + 290. Let p be a(-6). What is the hundreds digit of (-2567)/(-4) - ((-105)/p - -6)?
6
Let i = -35 + -76. Let c = -119 - -71. Let a = c - i. What is the units digit of a?
3
Let z be 2/6 - 17340/(-36). Let q = -244 + z. What is the tens digit of q?
3
Suppose -6*j = -2*j - t - 216, 3*j - 5*t - 145 = 0. Let a = j + -22. Let w = 322 - a. What is the units digit of w?
9
Let d(b) = 37*b**2 + 6*b - 23 - 16*b**2 - 23*b**2. Let y be d(9). Let k = -45 - y. What is the tens digit of k?
8
Suppose 7*k = 2*b + 9*k - 107678, 2*k = 4. What is the tens digit of b?
3
Let p(t) = -51*t**2 + 61 - 48*t**2 + 23*t + 103*t**2. What is the hundreds digit of p(-16)?
7
Let d(i) = 44*i + 269. Let n be d(-6). What is the tens digit of (346/n)/(-10*(-14)/350)?
7
Suppose 76 = -f + 2*f. Let c be (-18)/30 + 4*(-26)/(-40). Suppose -49 = -5*a - 3*b + f, -b + 50 = c*a. What is the units digit of a?
5
Let l(r) = -r**2 - 4*r + 9. Let g be l(5). Let d = -30 - g. What is the units digit of (-16)/d*-10*3?
0
Let b(t) = t**3 + 47*t**2 + 27*t + 300. What is the tens digit of b(-43)?
3
Suppose -5*r + 1350 = 5*w, 0 = 4*w - r - 362 - 703. Let f = w - 264. What is the units digit of f?
3
Let l = -7848 + 12896. What is the hundreds digit of l?
0
Suppose -4*t = -360 - 152. Suppose 0 = -3*y + t + 43. What is the units digit of y?
7
Let p = 28 - 26. Let u(d) = -p*d + 2 - 25 - 3*d**2 - 4*d + 4*d**2. What is the tens digit of u(13)?
6
Suppose 4*x - 16*s = 163016, -3*x - 2*s = -17067 - 105167. What is the units digit of x?
6
Let s(r) = -18*r - 104. Let k be s(-6). Suppose 4*a = k*b + 24, 0 = 5*a - 3*b - 0*b - 36. What is the units digit of a?
9
Let m(u) = -u**3 + 10*u**2 + 7*u + 42. Let n be m(11). What is the hundreds digit of n/(-36)*4 + (-43184)/(-72)?
6
Suppose -4*k - 7 - 109 = 0. Let r = -90 - k. Let v = -4 - r. What is the units digit of v?
7
Let j be (11/33)/((-2)/(-354)). Suppose 80*o - 76*o - 8 = 0. Suppose o*p = j + 139. What is the units digit of p?
9
Let r(b) = 10*b - 96. Let d be r(10). Suppose -2*f + 1203 = o, d*o + 3*f + 2*f = 4818. What is the tens digit of o?
0
Suppose -132 = -8*n - 140. What is the tens digit of (-2 + -1)/(6/(-1066)) - n?
3
Let w = 8941 - 9092. Suppose 3*k - 5*k + 514 = 0. Let n = k + w. What is the tens digit of n?
0
Suppose -3*i = 2*i + 5*u + 5, 3*u = 0. Let a be (i - -1)*(-10)/(-20). What is the tens digit of (2 + a + -5)*46/(-6)?
2
Suppose -1 = -2*s + 3. Suppose s*b - 10036 = -24*b. What is the tens digit of b?
8
Suppose 14*s - 5522400 = -222*s. What is the thousands digit of s?
3
Suppose -5*i - 4*j = 2565, 5*j + 0 + 25 = 0. Let d = 1384 + i. What is the tens digit of d?
7
What is the units digit of 46205 - (156/120 + (-12)/40)?
4
Let z(q) be the second derivative of 5*q**4/12 + 13*q**3/3 - q**2/2 + 2*q. Let o = -1669 + 1660. What is the tens digit of z(o)?
7
What is the hundreds digit of (-1 - (-245095)/35) + ((-264)/(-84))/11?
0
Let q be (-4)/(-38 + 2) + (-426)/(-54). Let c(t) = 2*t**3 + 10*t**2 - 5*t - 60. What is the thousands digit of c(q)?
1
Suppose -14*z = -12*z - 8. Suppose -3*t - 3*a + 189 = 0, 5*a + 120 + 105 = 4*t. Suppose p - z*i - t = -7*i, -p = 2*i - 63. What is the tens digit of p?
6
Suppose 0 = -4*q + 3*a - 684, -3*q - 538 = -0*q + 4*a. Let d be q - ((-12)/(-1))/3. Let i = 354 + d. What is the hundreds digit of i?
1
Let v(z) = 2*z**2 + 12*z + 11 - z**3 + 9 - 45*z + 16*z*